[INFO] fetching crate effectum 0.3.0...
[INFO] testing effectum-0.3.0 against master#2fe50cd72c476ebacdedb14893e9632b4de961c2 for pr-116088-2
[INFO] extracting crate effectum 0.3.0 into /workspace/builds/worker-1-tc1/source
[INFO] validating manifest of crates.io crate effectum 0.3.0 on toolchain 2fe50cd72c476ebacdedb14893e9632b4de961c2
[INFO] running `Command { std: CARGO_HOME="/workspace/cargo-home" RUSTUP_HOME="/workspace/rustup-home" "/workspace/cargo-home/bin/cargo" "+2fe50cd72c476ebacdedb14893e9632b4de961c2" "metadata" "--manifest-path" "Cargo.toml" "--no-deps", kill_on_drop: false }`
[INFO] started tweaking crates.io crate effectum 0.3.0
[INFO] finished tweaking crates.io crate effectum 0.3.0
[INFO] tweaked toml for crates.io crate effectum 0.3.0 written to /workspace/builds/worker-1-tc1/source/Cargo.toml
[INFO] crate crates.io crate effectum 0.3.0 already has a lockfile, it will not be regenerated
[INFO] running `Command { std: CARGO_HOME="/workspace/cargo-home" RUSTUP_HOME="/workspace/rustup-home" "/workspace/cargo-home/bin/cargo" "+2fe50cd72c476ebacdedb14893e9632b4de961c2" "fetch" "--manifest-path" "Cargo.toml", kill_on_drop: false }`
[INFO] [stderr]     Updating crates.io index
[INFO] [stderr]  Downloading crates ...
[INFO] [stderr]   Downloaded valuable v0.1.0
[INFO] [stderr]   Downloaded tracing-log v0.1.3
[INFO] [stderr]   Downloaded matchers v0.1.0
[INFO] [stderr]   Downloaded nu-ansi-term v0.46.0
[INFO] [stderr]   Downloaded ppv-lite86 v0.2.16
[INFO] [stderr]   Downloaded ulid v1.1.0
[INFO] [stderr]   Downloaded sharded-slab v0.1.4
[INFO] [stderr]   Downloaded iana-time-zone v0.1.57
[INFO] [stderr]   Downloaded futures-sink v0.3.28
[INFO] [stderr]   Downloaded thread_local v1.1.7
[INFO] [stderr]   Downloaded temp-dir v0.1.11
[INFO] [stderr]   Downloaded tracing-tree v0.2.4
[INFO] [stderr]   Downloaded deadpool-sqlite v0.6.0
[INFO] [stderr]   Downloaded core-foundation-sys v0.8.4
[INFO] [stderr]   Downloaded quote v1.0.32
[INFO] [stderr]   Downloaded uuid v1.4.1
[INFO] [stderr]   Downloaded proc-macro2 v1.0.66
[INFO] [stderr]   Downloaded backoff v0.4.0
[INFO] [stderr]   Downloaded aho-corasick v1.0.2
[INFO] [stderr]   Downloaded rustix v0.38.4
[INFO] [stderr]   Downloaded windows_x86_64_gnu v0.48.0
[INFO] [stderr]   Downloaded linux-raw-sys v0.4.5
[INFO] [stderr]   Downloaded csv v1.2.2
[INFO] [stderr]   Downloaded libsqlite3-sys v0.26.0
[INFO] [stderr]   Downloaded windows_i686_msvc v0.48.0
[INFO] [stderr]   Downloaded libc v0.2.147
[INFO] [stderr]   Downloaded windows_x86_64_gnullvm v0.48.0
[INFO] [stderr]   Downloaded windows v0.48.0
[INFO] [stderr]   Downloaded color-eyre v0.6.2
[INFO] [stderr]   Downloaded gimli v0.27.3
[INFO] [stderr]   Downloaded object v0.31.1
[INFO] [stderr]   Downloaded windows_aarch64_gnullvm v0.48.0
[INFO] [stderr]   Downloaded windows_aarch64_msvc v0.48.0
[INFO] [stderr]   Downloaded windows_i686_gnu v0.48.0
[INFO] [stderr]   Downloaded windows_x86_64_msvc v0.48.0
[INFO] [stderr]   Downloaded regex-automata v0.3.4
[INFO] [stderr]   Downloaded regex-syntax v0.7.4
[INFO] [stderr]   Downloaded regex-syntax v0.6.29
[INFO] [stderr]   Downloaded chrono v0.4.31
[INFO] [stderr]   Downloaded syn v2.0.28
[INFO] [stderr]   Downloaded regex v1.9.1
[INFO] [stderr]   Downloaded color-spantrace v0.2.0
[INFO] [stderr]   Downloaded futures-util v0.3.28
[INFO] [stderr]   Downloaded hashbrown v0.14.0
[INFO] [stderr]   Downloaded idna v0.4.0
[INFO] [stderr]   Downloaded num-traits v0.2.16
[INFO] [stderr]   Downloaded url v2.4.0
[INFO] [stderr]   Downloaded rusqlite v0.29.0
[INFO] [stderr]   Downloaded time v0.3.24
[INFO] [stderr]   Downloaded futures v0.3.28
[INFO] [stderr]   Downloaded android-tzdata v0.1.1
[INFO] [stderr]   Downloaded bumpalo v3.13.0
[INFO] [stderr]   Downloaded deranged v0.3.6
[INFO] [stderr]   Downloaded bitflags v2.3.3
[INFO] [stderr]   Downloaded smallvec v1.11.1
[INFO] [stderr]   Downloaded unicode-ident v1.0.11
[INFO] [stderr]   Downloaded tracing v0.1.37
[INFO] [stderr]   Downloaded tracing-core v0.1.31
[INFO] [stderr]   Downloaded tracing-subscriber v0.3.17
[INFO] [stderr]   Downloaded owo-colors v3.5.0
[INFO] [stderr]   Downloaded tracing-error v0.2.0
[INFO] [stderr]   Downloaded cron v0.12.0
[INFO] [stderr]   Downloaded async-trait v0.1.57
[INFO] [stderr]   Downloaded deadpool v0.10.0
[INFO] [stderr]   Downloaded deadpool-runtime v0.1.2
[INFO] [stderr]   Downloaded deadpool-sync v0.1.2
[INFO] [stderr]   Downloaded indenter v0.3.3
[INFO] [stderr]   Downloaded eyre v0.6.8
[INFO] [stderr]   Downloaded futures-executor v0.3.28
[INFO] [stderr]   Downloaded futures-channel v0.3.28
[INFO] [stderr]   Downloaded futures-macro v0.3.28
[INFO] [stderr]   Downloaded futures-task v0.3.28
[INFO] [stderr]   Downloaded android_system_properties v0.1.5
[INFO] [stderr]   Downloaded iana-time-zone-haiku v0.1.2
[INFO] [stderr]   Downloaded hashlink v0.8.3
[INFO] [stderr]   Downloaded form_urlencoded v1.2.0
[INFO] [stderr]   Downloaded unicode-bidi v0.3.13
[INFO] [stderr]   Downloaded percent-encoding v2.3.0
[INFO] [stderr]   Downloaded rusqlite_migration v1.0.2
[INFO] [stderr]   Downloaded static_assertions v1.1.0
[INFO] [stderr]   Downloaded smartstring v1.0.1
[INFO] [stderr]   Downloaded thiserror-impl v1.0.44
[INFO] [stderr]   Downloaded thiserror v1.0.44
[INFO] [stderr]   Downloaded time-macros v0.2.11
[INFO] [stderr]   Downloaded backtrace v0.3.68
[INFO] [stderr]   Downloaded tokio-macros v2.1.0
[INFO] [stderr]   Downloaded cc v1.0.79
[INFO] [stderr]   Downloaded overload v0.1.1
[INFO] [stderr]   Downloaded memchr v2.5.0
[INFO] [stderr]   Downloaded tracing-attributes v0.1.26
[INFO] [stderr]   Downloaded log v0.4.19
[INFO] [stderr]   Downloaded time-core v0.1.1
[INFO] [stderr]   Downloaded errno v0.3.2
[INFO] [stderr]   Downloaded futures-core v0.3.28
[INFO] [stderr]   Downloaded futures-io v0.3.28
[INFO] [stderr]   Downloaded slab v0.4.8
[INFO] [stderr]   Downloaded fallible-streaming-iterator v0.1.9
[INFO] [stderr]   Downloaded hermit-abi v0.3.2
[INFO] [stderr]   Downloaded windows-targets v0.48.1
[INFO] [stderr]   Downloaded fallible-iterator v0.2.0
[INFO] [stderr]   Downloaded pkg-config v0.3.27
[INFO] [stderr]   Downloaded addr2line v0.20.0
[INFO] [stderr]   Downloaded errno-dragonfly v0.1.2
[INFO] running `Command { std: "docker" "create" "-v" "/var/lib/crater-agent-workspace/builds/worker-1-tc1/target:/opt/rustwide/target:rw,Z" "-v" "/var/lib/crater-agent-workspace/builds/worker-1-tc1/source:/opt/rustwide/workdir:ro,Z" "-v" "/var/lib/crater-agent-workspace/cargo-home:/opt/rustwide/cargo-home:ro,Z" "-v" "/var/lib/crater-agent-workspace/rustup-home:/opt/rustwide/rustup-home:ro,Z" "-e" "SOURCE_DIR=/opt/rustwide/workdir" "-e" "CARGO_TARGET_DIR=/opt/rustwide/target" "-e" "CARGO_HOME=/opt/rustwide/cargo-home" "-e" "RUSTUP_HOME=/opt/rustwide/rustup-home" "-w" "/opt/rustwide/workdir" "-m" "1610612736" "--user" "0:0" "--network" "none" "ghcr.io/rust-lang/crates-build-env/linux@sha256:2788e3201cd34a07e3172128adcd8b3090168a8e3bcc40d7c032b9dda1df7d1c" "/opt/rustwide/cargo-home/bin/cargo" "+2fe50cd72c476ebacdedb14893e9632b4de961c2" "metadata" "--no-deps" "--format-version=1", kill_on_drop: false }`
[INFO] [stdout] e05c935e3630760928dabf53fdf8666aaeb9ee3d72e9670c63bd1e2f1bd3e10c
[INFO] running `Command { std: "docker" "start" "-a" "e05c935e3630760928dabf53fdf8666aaeb9ee3d72e9670c63bd1e2f1bd3e10c", kill_on_drop: false }`
[INFO] running `Command { std: "docker" "inspect" "e05c935e3630760928dabf53fdf8666aaeb9ee3d72e9670c63bd1e2f1bd3e10c", kill_on_drop: false }`
[INFO] running `Command { std: "docker" "rm" "-f" "e05c935e3630760928dabf53fdf8666aaeb9ee3d72e9670c63bd1e2f1bd3e10c", kill_on_drop: false }`
[INFO] [stdout] e05c935e3630760928dabf53fdf8666aaeb9ee3d72e9670c63bd1e2f1bd3e10c
[INFO] running `Command { std: "docker" "create" "-v" "/var/lib/crater-agent-workspace/builds/worker-1-tc1/target:/opt/rustwide/target:rw,Z" "-v" "/var/lib/crater-agent-workspace/builds/worker-1-tc1/source:/opt/rustwide/workdir:ro,Z" "-v" "/var/lib/crater-agent-workspace/cargo-home:/opt/rustwide/cargo-home:ro,Z" "-v" "/var/lib/crater-agent-workspace/rustup-home:/opt/rustwide/rustup-home:ro,Z" "-e" "SOURCE_DIR=/opt/rustwide/workdir" "-e" "CARGO_TARGET_DIR=/opt/rustwide/target" "-e" "CARGO_INCREMENTAL=0" "-e" "RUST_BACKTRACE=full" "-e" "RUSTFLAGS=--cap-lints=forbid" "-e" "RUSTDOCFLAGS=--cap-lints=forbid" "-e" "CARGO_HOME=/opt/rustwide/cargo-home" "-e" "RUSTUP_HOME=/opt/rustwide/rustup-home" "-w" "/opt/rustwide/workdir" "-m" "1610612736" "--user" "0:0" "--network" "none" "ghcr.io/rust-lang/crates-build-env/linux@sha256:2788e3201cd34a07e3172128adcd8b3090168a8e3bcc40d7c032b9dda1df7d1c" "/opt/rustwide/cargo-home/bin/cargo" "+2fe50cd72c476ebacdedb14893e9632b4de961c2" "build" "--frozen" "--message-format=json", kill_on_drop: false }`
[INFO] [stdout] f525368db0c2f9a985e926f1e9364c7710c9d772ebbd3ca614de9226857c66c2
[INFO] running `Command { std: "docker" "start" "-a" "f525368db0c2f9a985e926f1e9364c7710c9d772ebbd3ca614de9226857c66c2", kill_on_drop: false }`
[INFO] [stderr]    Compiling proc-macro2 v1.0.66
[INFO] [stderr]    Compiling unicode-ident v1.0.11
[INFO] [stderr]    Compiling autocfg v1.1.0
[INFO] [stderr]    Compiling libc v0.2.147
[INFO] [stderr]    Compiling cfg-if v1.0.0
[INFO] [stderr]    Compiling memchr v2.5.0
[INFO] [stderr]    Compiling version_check v0.9.4
[INFO] [stderr]    Compiling once_cell v1.18.0
[INFO] [stderr]    Compiling serde v1.0.189
[INFO] [stderr]    Compiling pin-project-lite v0.2.13
[INFO] [stderr]    Compiling tinyvec_macros v0.1.1
[INFO] [stderr]    Compiling cc v1.0.79
[INFO] [stderr]    Compiling tinyvec v1.6.0
[INFO] [stderr]    Compiling ahash v0.8.3
[INFO] [stderr]    Compiling num-traits v0.2.16
[INFO] [stderr]    Compiling pkg-config v0.3.27
[INFO] [stderr]    Compiling itoa v1.0.9
[INFO] [stderr]    Compiling vcpkg v0.2.15
[INFO] [stderr]    Compiling futures-core v0.3.28
[INFO] [stderr]    Compiling quote v1.0.32
[INFO] [stderr]    Compiling unicode-normalization v0.1.22
[INFO] [stderr]    Compiling getrandom v0.2.10
[INFO] [stderr]    Compiling syn v2.0.28
[INFO] [stderr]    Compiling slab v0.4.8
[INFO] [stderr]    Compiling allocator-api2 v0.2.16
[INFO] [stderr]    Compiling time-core v0.1.1
[INFO] [stderr]    Compiling ryu v1.0.15
[INFO] [stderr]    Compiling percent-encoding v2.3.0
[INFO] [stderr]    Compiling futures-channel v0.3.28
[INFO] [stderr]    Compiling iana-time-zone v0.1.57
[INFO] [stderr]    Compiling futures-task v0.3.28
[INFO] [stderr]    Compiling unicode-bidi v0.3.13
[INFO] [stderr]    Compiling syn v1.0.109
[INFO] [stderr]    Compiling libsqlite3-sys v0.26.0
[INFO] [stderr]    Compiling serde_json v1.0.107
[INFO] [stderr]    Compiling chrono v0.4.31
[INFO] [stderr]    Compiling form_urlencoded v1.2.0
[INFO] [stderr]    Compiling hashbrown v0.14.0
[INFO] [stderr]    Compiling idna v0.4.0
[INFO] [stderr]    Compiling time-macros v0.2.11
[INFO] [stderr]    Compiling rand_core v0.6.4
[INFO] [stderr]    Compiling csv-core v0.1.10
[INFO] [stderr]    Compiling futures-sink v0.3.28
[INFO] [stderr]    Compiling async-trait v0.1.57
[INFO] [stderr]    Compiling futures-util v0.3.28
[INFO] [stderr]    Compiling uuid v1.4.1
[INFO] [stderr]    Compiling ppv-lite86 v0.2.16
[INFO] [stderr]    Compiling url v2.4.0
[INFO] [stderr]    Compiling hashlink v0.8.3
[INFO] [stderr]    Compiling rand_chacha v0.3.1
[INFO] [stderr]    Compiling futures-io v0.3.28
[INFO] [stderr]    Compiling fallible-iterator v0.2.0
[INFO] [stderr]    Compiling pin-utils v0.1.0
[INFO] [stderr]    Compiling fallible-streaming-iterator v0.1.9
[INFO] [stderr]    Compiling bitflags v2.3.3
[INFO] [stderr]    Compiling rand v0.8.5
[INFO] [stderr]    Compiling num_cpus v1.16.0
[INFO] [stderr]    Compiling smartstring v1.0.1
[INFO] [stderr]    Compiling thiserror v1.0.44
[INFO] [stderr]    Compiling minimal-lexical v0.2.1
[INFO] [stderr]    Compiling eyre v0.6.8
[INFO] [stderr]    Compiling nom v7.1.3
[INFO] [stderr]    Compiling tracing-core v0.1.31
[INFO] [stderr]    Compiling instant v0.1.12
[INFO] [stderr]    Compiling static_assertions v1.1.0
[INFO] [stderr]    Compiling indenter v0.3.3
[INFO] [stderr]    Compiling log v0.4.19
[INFO] [stderr]    Compiling backoff v0.4.0
[INFO] [stderr]    Compiling ulid v1.1.0
[INFO] [stderr]    Compiling serde_derive v1.0.189
[INFO] [stderr]    Compiling tokio-macros v2.1.0
[INFO] [stderr]    Compiling futures-macro v0.3.28
[INFO] [stderr]    Compiling tracing-attributes v0.1.26
[INFO] [stderr]    Compiling thiserror-impl v1.0.44
[INFO] [stderr]    Compiling cron v0.12.0
[INFO] [stderr]    Compiling tokio v1.33.0
[INFO] [stderr]    Compiling tracing v0.1.37
[INFO] [stderr]    Compiling deadpool-runtime v0.1.2
[INFO] [stderr]    Compiling deadpool-sync v0.1.2
[INFO] [stderr]    Compiling deadpool v0.10.0
[INFO] [stderr]    Compiling futures-executor v0.3.28
[INFO] [stderr]    Compiling futures v0.3.28
[INFO] [stderr]    Compiling deranged v0.3.6
[INFO] [stderr]    Compiling csv v1.2.2
[INFO] [stderr]    Compiling smallvec v1.11.1
[INFO] [stderr]    Compiling time v0.3.24
[INFO] [stderr]    Compiling rusqlite v0.29.0
[INFO] [stderr]    Compiling deadpool-sqlite v0.6.0
[INFO] [stderr]    Compiling rusqlite_migration v1.0.2
[INFO] [stderr]    Compiling effectum v0.3.0 (/opt/rustwide/workdir)
[INFO] [stdout] warning: use of deprecated associated function `chrono::DateTime::<Tz>::from_utc`: Use TimeZone::from_utc_datetime() or DateTime::from_naive_utc_and_offset instead
[INFO] [stdout]    --> src/recurring.rs:162:60
[INFO] [stdout]     |
[INFO] [stdout] 162 |                 let now = chrono::DateTime::<chrono::Utc>::from_utc(
[INFO] [stdout]     |                                                            ^^^^^^^^
[INFO] [stdout]     |
[INFO] [stdout]     = note: `#[warn(deprecated)]` on by default
[INFO] [stdout] 
[INFO] [stdout] 
[INFO] [stdout] warning: use of deprecated associated function `chrono::DateTime::<Tz>::from_utc`: Use TimeZone::from_utc_datetime() or DateTime::from_naive_utc_and_offset instead
[INFO] [stdout]    --> src/recurring.rs:167:62
[INFO] [stdout]     |
[INFO] [stdout] 167 |                 let after = chrono::DateTime::<chrono::Utc>::from_utc(
[INFO] [stdout]     |                                                              ^^^^^^^^
[INFO] [stdout] 
[INFO] [stdout] 
[INFO] [stdout] warning: fields `recurring_job_id` and `base_job_id` are never read
[INFO] [stdout]   --> src/db_writer/recurring.rs:35:9
[INFO] [stdout]    |
[INFO] [stdout] 34 | pub(crate) struct AddRecurringJobResult {
[INFO] [stdout]    |                   --------------------- fields in this struct
[INFO] [stdout] 35 |     pub recurring_job_id: i64,
[INFO] [stdout]    |         ^^^^^^^^^^^^^^^^
[INFO] [stdout] 36 |     pub base_job_id: i64,
[INFO] [stdout]    |         ^^^^^^^^^^^
[INFO] [stdout]    |
[INFO] [stdout]    = note: `#[warn(dead_code)]` on by default
[INFO] [stdout] 
[INFO] [stdout] 
[INFO] [stdout] warning: 3 warnings emitted
[INFO] [stdout] 
[INFO] [stdout] 
[INFO] [stderr]     Finished dev [unoptimized + debuginfo] target(s) in 1m 15s
[INFO] running `Command { std: "docker" "inspect" "f525368db0c2f9a985e926f1e9364c7710c9d772ebbd3ca614de9226857c66c2", kill_on_drop: false }`
[INFO] running `Command { std: "docker" "rm" "-f" "f525368db0c2f9a985e926f1e9364c7710c9d772ebbd3ca614de9226857c66c2", kill_on_drop: false }`
[INFO] [stdout] f525368db0c2f9a985e926f1e9364c7710c9d772ebbd3ca614de9226857c66c2
[INFO] running `Command { std: "docker" "create" "-v" "/var/lib/crater-agent-workspace/builds/worker-1-tc1/target:/opt/rustwide/target:rw,Z" "-v" "/var/lib/crater-agent-workspace/builds/worker-1-tc1/source:/opt/rustwide/workdir:ro,Z" "-v" "/var/lib/crater-agent-workspace/cargo-home:/opt/rustwide/cargo-home:ro,Z" "-v" "/var/lib/crater-agent-workspace/rustup-home:/opt/rustwide/rustup-home:ro,Z" "-e" "SOURCE_DIR=/opt/rustwide/workdir" "-e" "CARGO_TARGET_DIR=/opt/rustwide/target" "-e" "CARGO_INCREMENTAL=0" "-e" "RUST_BACKTRACE=full" "-e" "RUSTFLAGS=--cap-lints=forbid" "-e" "RUSTDOCFLAGS=--cap-lints=forbid" "-e" "CARGO_HOME=/opt/rustwide/cargo-home" "-e" "RUSTUP_HOME=/opt/rustwide/rustup-home" "-w" "/opt/rustwide/workdir" "-m" "1610612736" "--user" "0:0" "--network" "none" "ghcr.io/rust-lang/crates-build-env/linux@sha256:2788e3201cd34a07e3172128adcd8b3090168a8e3bcc40d7c032b9dda1df7d1c" "/opt/rustwide/cargo-home/bin/cargo" "+2fe50cd72c476ebacdedb14893e9632b4de961c2" "test" "--frozen" "--no-run" "--message-format=json", kill_on_drop: false }`
[INFO] [stdout] 2565035929a6544bbdcad91724c48afeedab0fd719c1477cf73a031b279f797b
[INFO] running `Command { std: "docker" "start" "-a" "2565035929a6544bbdcad91724c48afeedab0fd719c1477cf73a031b279f797b", kill_on_drop: false }`
[INFO] [stderr]    Compiling tracing-core v0.1.31
[INFO] [stderr]    Compiling log v0.4.19
[INFO] [stderr]    Compiling bitflags v2.3.3
[INFO] [stderr]    Compiling regex-syntax v0.7.4
[INFO] [stderr]    Compiling lazy_static v1.4.0
[INFO] [stderr]    Compiling regex-syntax v0.6.29
[INFO] [stderr]    Compiling overload v0.1.1
[INFO] [stderr]    Compiling tokio v1.33.0
[INFO] [stderr]    Compiling nu-ansi-term v0.46.0
[INFO] [stderr]    Compiling sharded-slab v0.1.4
[INFO] [stderr]    Compiling thread_local v1.1.7
[INFO] [stderr]    Compiling rustix v0.38.4
[INFO] [stderr]    Compiling tracing v0.1.37
[INFO] [stderr]    Compiling tracing-log v0.1.3
[INFO] [stderr]    Compiling rusqlite v0.29.0
[INFO] [stderr]    Compiling backtrace v0.3.68
[INFO] [stderr]    Compiling gimli v0.27.3
[INFO] [stderr]    Compiling linux-raw-sys v0.4.5
[INFO] [stderr]    Compiling adler v1.0.2
[INFO] [stderr]    Compiling miniz_oxide v0.7.1
[INFO] [stderr]    Compiling object v0.31.1
[INFO] [stderr]    Compiling rustc-demangle v0.1.23
[INFO] [stderr]    Compiling regex-automata v0.3.4
[INFO] [stderr]    Compiling regex-automata v0.1.10
[INFO] [stderr]    Compiling matchers v0.1.0
[INFO] [stderr]    Compiling deadpool-runtime v0.1.2
[INFO] [stderr]    Compiling deadpool v0.10.0
[INFO] [stderr]    Compiling deadpool-sync v0.1.2
[INFO] [stderr]    Compiling addr2line v0.20.0
[INFO] [stderr]    Compiling regex v1.9.1
[INFO] [stderr]    Compiling owo-colors v3.5.0
[INFO] [stderr]    Compiling deadpool-sqlite v0.6.0
[INFO] [stderr]    Compiling rusqlite_migration v1.0.2
[INFO] [stderr]    Compiling tracing-subscriber v0.3.17
[INFO] [stderr]    Compiling is-terminal v0.4.9
[INFO] [stderr]    Compiling temp-dir v0.1.11
[INFO] [stderr]    Compiling effectum v0.3.0 (/opt/rustwide/workdir)
[INFO] [stdout] warning: use of deprecated associated function `chrono::DateTime::<Tz>::from_utc`: Use TimeZone::from_utc_datetime() or DateTime::from_naive_utc_and_offset instead
[INFO] [stdout]    --> src/recurring.rs:162:60
[INFO] [stdout]     |
[INFO] [stdout] 162 |                 let now = chrono::DateTime::<chrono::Utc>::from_utc(
[INFO] [stdout]     |                                                            ^^^^^^^^
[INFO] [stdout]     |
[INFO] [stdout]     = note: `#[warn(deprecated)]` on by default
[INFO] [stdout] 
[INFO] [stdout] 
[INFO] [stdout] warning: use of deprecated associated function `chrono::DateTime::<Tz>::from_utc`: Use TimeZone::from_utc_datetime() or DateTime::from_naive_utc_and_offset instead
[INFO] [stdout]    --> src/recurring.rs:167:62
[INFO] [stdout]     |
[INFO] [stdout] 167 |                 let after = chrono::DateTime::<chrono::Utc>::from_utc(
[INFO] [stdout]     |                                                              ^^^^^^^^
[INFO] [stdout] 
[INFO] [stdout] 
[INFO] [stderr]    Compiling tracing-error v0.2.0
[INFO] [stderr]    Compiling tracing-tree v0.2.4
[INFO] [stderr]    Compiling color-spantrace v0.2.0
[INFO] [stderr]    Compiling color-eyre v0.6.2
[INFO] [stdout] warning: fields `recurring_job_id` and `base_job_id` are never read
[INFO] [stdout]   --> src/db_writer/recurring.rs:35:9
[INFO] [stdout]    |
[INFO] [stdout] 34 | pub(crate) struct AddRecurringJobResult {
[INFO] [stdout]    |                   --------------------- fields in this struct
[INFO] [stdout] 35 |     pub recurring_job_id: i64,
[INFO] [stdout]    |         ^^^^^^^^^^^^^^^^
[INFO] [stdout] 36 |     pub base_job_id: i64,
[INFO] [stdout]    |         ^^^^^^^^^^^
[INFO] [stdout]    |
[INFO] [stdout]    = note: `#[warn(dead_code)]` on by default
[INFO] [stdout] 
[INFO] [stdout] 
[INFO] [stdout] warning: use of deprecated associated function `chrono::DateTime::<Tz>::from_utc`: Use TimeZone::from_utc_datetime() or DateTime::from_naive_utc_and_offset instead
[INFO] [stdout]    --> src/recurring.rs:162:60
[INFO] [stdout]     |
[INFO] [stdout] 162 |                 let now = chrono::DateTime::<chrono::Utc>::from_utc(
[INFO] [stdout]     |                                                            ^^^^^^^^
[INFO] [stdout]     |
[INFO] [stdout]     = note: `#[warn(deprecated)]` on by default
[INFO] [stdout] 
[INFO] [stdout] 
[INFO] [stdout] warning: use of deprecated associated function `chrono::DateTime::<Tz>::from_utc`: Use TimeZone::from_utc_datetime() or DateTime::from_naive_utc_and_offset instead
[INFO] [stdout]    --> src/recurring.rs:167:62
[INFO] [stdout]     |
[INFO] [stdout] 167 |                 let after = chrono::DateTime::<chrono::Utc>::from_utc(
[INFO] [stdout]     |                                                              ^^^^^^^^
[INFO] [stdout] 
[INFO] [stdout] 
[INFO] [stdout] warning: 3 warnings emitted
[INFO] [stdout] 
[INFO] [stdout] 
[INFO] [stdout] warning: unused imports: `AtomicI64`, `Ordering`
[INFO] [stdout]  --> examples/recurring.rs:7:18
[INFO] [stdout]   |
[INFO] [stdout] 7 |         atomic::{AtomicI64, Ordering},
[INFO] [stdout]   |                  ^^^^^^^^^  ^^^^^^^^
[INFO] [stdout]   |
[INFO] [stdout]   = note: `#[warn(unused_imports)]` on by default
[INFO] [stdout] 
[INFO] [stdout] 
[INFO] [stdout] warning: unused imports: `Deserialize`, `Serialize`
[INFO] [stdout]   --> examples/recurring.rs:15:13
[INFO] [stdout]    |
[INFO] [stdout] 15 | use serde::{Deserialize, Serialize};
[INFO] [stdout]    |             ^^^^^^^^^^^  ^^^^^^^^^
[INFO] [stdout] 
[INFO] [stdout] 
[INFO] [stdout] warning: unused imports: `Level`, `event`
[INFO] [stdout]   --> examples/recurring.rs:17:15
[INFO] [stdout]    |
[INFO] [stdout] 17 | use tracing::{event, Level};
[INFO] [stdout]    |               ^^^^^  ^^^^^
[INFO] [stdout] 
[INFO] [stdout] 
[INFO] [stdout] warning: unused variable: `first_run_at`
[INFO] [stdout]     --> src/recurring.rs:1207:28
[INFO] [stdout]      |
[INFO] [stdout] 1207 |         let (first_job_id, first_run_at) = job_status.next_run.expect("next_run_at");
[INFO] [stdout]      |                            ^^^^^^^^^^^^ help: if this is intentional, prefix it with an underscore: `_first_run_at`
[INFO] [stdout]      |
[INFO] [stdout]      = note: `#[warn(unused_variables)]` on by default
[INFO] [stdout] 
[INFO] [stdout] 
[INFO] [stdout] warning: fields `recurring_job_id` and `base_job_id` are never read
[INFO] [stdout]   --> src/db_writer/recurring.rs:35:9
[INFO] [stdout]    |
[INFO] [stdout] 34 | pub(crate) struct AddRecurringJobResult {
[INFO] [stdout]    |                   --------------------- fields in this struct
[INFO] [stdout] 35 |     pub recurring_job_id: i64,
[INFO] [stdout]    |         ^^^^^^^^^^^^^^^^
[INFO] [stdout] 36 |     pub base_job_id: i64,
[INFO] [stdout]    |         ^^^^^^^^^^^
[INFO] [stdout]    |
[INFO] [stdout]    = note: `#[warn(dead_code)]` on by default
[INFO] [stdout] 
[INFO] [stdout] 
[INFO] [stdout] warning: 3 warnings emitted
[INFO] [stdout] 
[INFO] [stdout] 
[INFO] [stdout] warning: 4 warnings emitted
[INFO] [stdout] 
[INFO] [stdout] 
[INFO] [stderr]     Finished test [unoptimized + debuginfo] target(s) in 54.77s
[INFO] running `Command { std: "docker" "inspect" "2565035929a6544bbdcad91724c48afeedab0fd719c1477cf73a031b279f797b", kill_on_drop: false }`
[INFO] running `Command { std: "docker" "rm" "-f" "2565035929a6544bbdcad91724c48afeedab0fd719c1477cf73a031b279f797b", kill_on_drop: false }`
[INFO] [stdout] 2565035929a6544bbdcad91724c48afeedab0fd719c1477cf73a031b279f797b
[INFO] running `Command { std: "docker" "create" "-v" "/var/lib/crater-agent-workspace/builds/worker-1-tc1/target:/opt/rustwide/target:rw,Z" "-v" "/var/lib/crater-agent-workspace/builds/worker-1-tc1/source:/opt/rustwide/workdir:ro,Z" "-v" "/var/lib/crater-agent-workspace/cargo-home:/opt/rustwide/cargo-home:ro,Z" "-v" "/var/lib/crater-agent-workspace/rustup-home:/opt/rustwide/rustup-home:ro,Z" "-e" "SOURCE_DIR=/opt/rustwide/workdir" "-e" "CARGO_TARGET_DIR=/opt/rustwide/target" "-e" "CARGO_INCREMENTAL=0" "-e" "RUST_BACKTRACE=full" "-e" "RUSTFLAGS=--cap-lints=forbid" "-e" "RUSTDOCFLAGS=--cap-lints=forbid" "-e" "CARGO_HOME=/opt/rustwide/cargo-home" "-e" "RUSTUP_HOME=/opt/rustwide/rustup-home" "-w" "/opt/rustwide/workdir" "-m" "1610612736" "--user" "0:0" "--network" "none" "ghcr.io/rust-lang/crates-build-env/linux@sha256:2788e3201cd34a07e3172128adcd8b3090168a8e3bcc40d7c032b9dda1df7d1c" "/opt/rustwide/cargo-home/bin/cargo" "+2fe50cd72c476ebacdedb14893e9632b4de961c2" "test" "--frozen", kill_on_drop: false }`
[INFO] [stdout] 3eaea1f7e382adbe6733fde291a0f562a2c72b378110c894fbed441919bbc73b
[INFO] running `Command { std: "docker" "start" "-a" "3eaea1f7e382adbe6733fde291a0f562a2c72b378110c894fbed441919bbc73b", kill_on_drop: false }`
[INFO] [stderr] warning: use of deprecated associated function `chrono::DateTime::<Tz>::from_utc`: Use TimeZone::from_utc_datetime() or DateTime::from_naive_utc_and_offset instead
[INFO] [stderr]    --> src/recurring.rs:162:60
[INFO] [stderr]     |
[INFO] [stderr] 162 |                 let now = chrono::DateTime::<chrono::Utc>::from_utc(
[INFO] [stderr]     |                                                            ^^^^^^^^
[INFO] [stderr]     |
[INFO] [stderr]     = note: `#[warn(deprecated)]` on by default
[INFO] [stderr] 
[INFO] [stderr] warning: use of deprecated associated function `chrono::DateTime::<Tz>::from_utc`: Use TimeZone::from_utc_datetime() or DateTime::from_naive_utc_and_offset instead
[INFO] [stderr]    --> src/recurring.rs:167:62
[INFO] [stderr]     |
[INFO] [stderr] 167 |                 let after = chrono::DateTime::<chrono::Utc>::from_utc(
[INFO] [stderr]     |                                                              ^^^^^^^^
[INFO] [stderr] 
[INFO] [stderr] warning: fields `recurring_job_id` and `base_job_id` are never read
[INFO] [stderr]   --> src/db_writer/recurring.rs:35:9
[INFO] [stderr]    |
[INFO] [stderr] 34 | pub(crate) struct AddRecurringJobResult {
[INFO] [stderr]    |                   --------------------- fields in this struct
[INFO] [stderr] 35 |     pub recurring_job_id: i64,
[INFO] [stderr]    |         ^^^^^^^^^^^^^^^^
[INFO] [stderr] 36 |     pub base_job_id: i64,
[INFO] [stderr]    |         ^^^^^^^^^^^
[INFO] [stderr]    |
[INFO] [stderr]    = note: `#[warn(dead_code)]` on by default
[INFO] [stderr] 
[INFO] [stderr] warning: unused variable: `first_run_at`
[INFO] [stderr]     --> src/recurring.rs:1207:28
[INFO] [stderr]      |
[INFO] [stderr] 1207 |         let (first_job_id, first_run_at) = job_status.next_run.expect("next_run_at");
[INFO] [stderr]      |                            ^^^^^^^^^^^^ help: if this is intentional, prefix it with an underscore: `_first_run_at`
[INFO] [stderr]      |
[INFO] [stderr]      = note: `#[warn(unused_variables)]` on by default
[INFO] [stderr] 
[INFO] [stderr] warning: `effectum` (lib) generated 3 warnings
[INFO] [stderr] warning: `effectum` (lib test) generated 4 warnings (3 duplicates) (run `cargo fix --lib -p effectum --tests` to apply 1 suggestion)
[INFO] [stderr] warning: unused imports: `AtomicI64`, `Ordering`
[INFO] [stderr]  --> examples/recurring.rs:7:18
[INFO] [stderr]   |
[INFO] [stderr] 7 |         atomic::{AtomicI64, Ordering},
[INFO] [stderr]   |                  ^^^^^^^^^  ^^^^^^^^
[INFO] [stderr]   |
[INFO] [stderr]   = note: `#[warn(unused_imports)]` on by default
[INFO] [stderr] 
[INFO] [stderr] warning: unused imports: `Deserialize`, `Serialize`
[INFO] [stderr]   --> examples/recurring.rs:15:13
[INFO] [stderr]    |
[INFO] [stderr] 15 | use serde::{Deserialize, Serialize};
[INFO] [stderr]    |             ^^^^^^^^^^^  ^^^^^^^^^
[INFO] [stderr] 
[INFO] [stderr] warning: unused imports: `Level`, `event`
[INFO] [stderr]   --> examples/recurring.rs:17:15
[INFO] [stderr]    |
[INFO] [stderr] 17 | use tracing::{event, Level};
[INFO] [stderr]    |               ^^^^^  ^^^^^
[INFO] [stderr] 
[INFO] [stderr] warning: `effectum` (example "recurring") generated 3 warnings (run `cargo fix --example "recurring"` to apply 3 suggestions)
[INFO] [stderr]     Finished test [unoptimized + debuginfo] target(s) in 0.26s
[INFO] [stderr]      Running unittests src/lib.rs (/opt/rustwide/target/debug/deps/effectum-620d6520616b982b)
[INFO] [stdout] 
[INFO] [stdout] running 69 tests
[INFO] [stdout] test add_job::tests::add_job_at_time ... ok
[INFO] [stdout] test add_job::tests::cancel_nonexistent_job ... ok
[INFO] [stdout] test add_job::tests::add_job ... ok
[INFO] [stdout] test add_job::tests::cancel_job ... ok
[INFO] [stdout] test add_job::tests::cancel_running_job ... ok
[INFO] [stdout] test add_job::tests::cancel_finished_job ... ok
[INFO] [stdout] test job_registry::tests::create_job_from_fn ... ok
[INFO] [stdout] test add_job::tests::full_update_job ... ok
[INFO] [stdout] test job_registry::tests::registry_joblist::array_of_objects ... ok
[INFO] [stdout] test job_registry::tests::registry_joblist::array_of_refs ... ok
[INFO] [stdout] test job_registry::tests::registry_joblist::slice_of_objects ... ok
[INFO] [stdout] test job_registry::tests::registry_joblist::vec_of_objects ... ok
[INFO] [stdout] test job_registry::tests::registry_joblist::vec_of_refs ... ok
[INFO] [stdout] test add_job::tests::update_nonexistent_job ... ok
[INFO] [stdout] test add_job::tests::do_not_update_checkpointed_job_payload ... ok
[INFO] [stdout] test add_job::tests::simple_update_job ... ok
[INFO] [stdout] test add_job::tests::update_running_job ... ok
[INFO] [stdout] test add_job::tests::update_finished_job ... ok
[INFO] [stdout] test add_job::tests::update_checkpointed_job_payload ... ok
[INFO] [stdout] test job_registry::tests::disallow_adding_same_job_type_twice - should panic ... ok
[INFO] [stdout] test local_queue::tests::create_queue ... ok
[INFO] [stdout] test local_queue::tests::add_multiple_future_jobs ... ok
[INFO] [stdout] test local_queue::tests::job_recovery ... ok
[INFO] [stdout] test local_queue::tests::checkpoint ... ok
[INFO] [stdout] test local_queue::tests::job_priority ... ok
[INFO] [stdout] test local_queue::tests::explicit_finish ... ok
[INFO] [stdout] test local_queue::tests::job_timeout ... ok
[INFO] [stdout] test local_queue::tests::retry::backoff_times ... ignored
[INFO] [stdout] test local_queue::tests::job_type_subset_with_registry ... ok
[INFO] [stdout] test local_queue::tests::job_type_subset_with_job_list ... ok
[INFO] [stdout] test local_queue::tests::concurrency::limit_to_max_concurrency ... ok
[INFO] [stdout] test local_queue::tests::run_future_job ... ok
[INFO] [stdout] test local_queue::tests::run_job ... ok
[INFO] [stdout] test local_queue::tests::retry::success_after_retry ... ok
[INFO] [stdout] test local_queue::tests::retry::exceed_max_retries ... ok
[INFO] [stdout] test local_queue::tests::unimplemented::clear_jobs ... ignored, not implemented yet
[INFO] [stdout] test local_queue::tests::unimplemented::remove_jobs ... ignored, not implemented yet
[INFO] [stdout] test local_queue::tests::concurrency::weighted_jobs ... ok
[INFO] [stdout] test migrations::tests::migrations_valid ... ok
[INFO] [stdout] test migrations::tests::migrations_work ... ok
[INFO] [stdout] test local_queue::tests::run_multiple_jobs ... ok
[INFO] [stdout] test local_queue::tests::worker_gets_pending_jobs_when_starting ... ok
[INFO] [stdout] test recurring::tests::add_already_existing_error ... ok
[INFO] [stdout] test local_queue::tests::task_can_use_non_sync_value ... ok
[INFO] [stdout] test recurring::tests::add_with_bad_schedule ... ok
[INFO] [stdout] test recurring::tests::delete ... ok
[INFO] [stdout] test recurring::tests::delete_nonexistent ... ok
[INFO] [stdout] test recurring::tests::job_status_on_nonexistent_job ... ok
[INFO] [stdout] test recurring::tests::next_time_based_on_last_scheduled_time ... ok
[INFO] [stdout] test recurring::tests::failed_job_gets_rescheduled ... ok
[INFO] [stdout] test recurring::tests::restart ... ok
[INFO] [stdout] test recurring::tests::update_nonexistent_error ... ok
[INFO] [stdout] test recurring::tests::simple_recurring ... FAILED
[INFO] [stdout] test recurring::tests::update_same_schedule ... ok
[INFO] [stdout] test recurring::tests::update_payload ... ok
[INFO] [stdout] test recurring::tests::update_to_bad_schedule ... ok
[INFO] [stdout] test local_queue::tests::shutdown ... ok
[INFO] [stdout] test recurring::tests::upsert_existing_job ... ok
[INFO] [stdout] test worker::tests::worker_without_jobs_should_panic - should panic ... ok
[INFO] [stdout] test worker_list::tests::add_worker ... ignored
[INFO] [stdout] test worker_list::tests::new_job_available ... ignored
[INFO] [stdout] test worker_list::tests::remove_worker ... ignored
[INFO] [stdout] test recurring::tests::upsert_new_job ... ok
[INFO] [stdout] test local_queue::tests::manual_heartbeat ... ok
[INFO] [stdout] test recurring::tests::update_to_earlier ... ok
[INFO] [stdout] test recurring::tests::update_to_later ... ok
[INFO] [stdout] test local_queue::tests::auto_heartbeat ... ok
[INFO] [stdout] test recurring::tests::run_immediately_on_add ... ok
[INFO] [stdout] test local_queue::tests::concurrency::fetches_again_at_min_concurrency ... ok
[INFO] [stdout] 
[INFO] [stdout] failures:
[INFO] [stdout] 
[INFO] [stdout] ---- recurring::tests::simple_recurring stdout ----
[INFO] [stdout] thread 'recurring::tests::simple_recurring' panicked at src/recurring.rs:454:9:
[INFO] [stdout] assertion `left == right` failed
[INFO] [stdout]   left: 2023-12-27 15:45:37.0 +00:00:00
[INFO] [stdout]  right: 2023-12-27 15:45:17.0 +00:00:00
[INFO] [stdout] stack backtrace:
[INFO] [stdout]    0:     0x562dd8938b66 - std::backtrace_rs::backtrace::libunwind::trace::hd7a456af414d63de
[INFO] [stdout]                                at /rustc/2fe50cd72c476ebacdedb14893e9632b4de961c2/library/std/src/../../backtrace/src/backtrace/libunwind.rs:104:5
[INFO] [stdout]    1:     0x562dd8938b66 - std::backtrace_rs::backtrace::trace_unsynchronized::h64867240ea973bd5
[INFO] [stdout]                                at /rustc/2fe50cd72c476ebacdedb14893e9632b4de961c2/library/std/src/../../backtrace/src/backtrace/mod.rs:66:5
[INFO] [stdout]    2:     0x562dd8938b66 - std::sys_common::backtrace::_print_fmt::h2808b222ea4d26d0
[INFO] [stdout]                                at /rustc/2fe50cd72c476ebacdedb14893e9632b4de961c2/library/std/src/sys_common/backtrace.rs:68:5
[INFO] [stdout]    3:     0x562dd8938b66 - <std::sys_common::backtrace::_print::DisplayBacktrace as core::fmt::Display>::fmt::h03f74bc036e21c80
[INFO] [stdout]                                at /rustc/2fe50cd72c476ebacdedb14893e9632b4de961c2/library/std/src/sys_common/backtrace.rs:44:22
[INFO] [stdout]    4:     0x562dd8964180 - core::fmt::rt::Argument::fmt::h8121cad32ccb67f1
[INFO] [stdout]                                at /rustc/2fe50cd72c476ebacdedb14893e9632b4de961c2/library/core/src/fmt/rt.rs:142:9
[INFO] [stdout]    5:     0x562dd8964180 - core::fmt::write::hba6738a49cae548f
[INFO] [stdout]                                at /rustc/2fe50cd72c476ebacdedb14893e9632b4de961c2/library/core/src/fmt/mod.rs:1120:17
[INFO] [stdout]    6:     0x562dd89363cf - std::io::Write::write_fmt::h998dc49ddc9bbda8
[INFO] [stdout]                                at /rustc/2fe50cd72c476ebacdedb14893e9632b4de961c2/library/std/src/io/mod.rs:1810:15
[INFO] [stdout]    7:     0x562dd8938944 - std::sys_common::backtrace::_print::h12e2732351687df5
[INFO] [stdout]                                at /rustc/2fe50cd72c476ebacdedb14893e9632b4de961c2/library/std/src/sys_common/backtrace.rs:47:5
[INFO] [stdout]    8:     0x562dd8938944 - std::sys_common::backtrace::print::h3977ff4fa70d37c3
[INFO] [stdout]                                at /rustc/2fe50cd72c476ebacdedb14893e9632b4de961c2/library/std/src/sys_common/backtrace.rs:34:9
[INFO] [stdout]    9:     0x562dd893a6b7 - std::panicking::default_hook::{{closure}}::h3649b42de801f190
[INFO] [stdout]   10:     0x562dd893a39d - std::panicking::default_hook::h3fb7ccab350417f5
[INFO] [stdout]                                at /rustc/2fe50cd72c476ebacdedb14893e9632b4de961c2/library/std/src/panicking.rs:289:9
[INFO] [stdout]   11:     0x562dd85f99d7 - <alloc::boxed::Box<F,A> as core::ops::function::Fn<Args>>::call::hcac2ee49c7d5205e
[INFO] [stdout]                                at /rustc/2fe50cd72c476ebacdedb14893e9632b4de961c2/library/alloc/src/boxed.rs:2029:9
[INFO] [stdout]   12:     0x562dd85f99d7 - test::test_main::{{closure}}::ha6dc19c93a11f2d1
[INFO] [stdout]                                at /rustc/2fe50cd72c476ebacdedb14893e9632b4de961c2/library/test/src/lib.rs:138:21
[INFO] [stdout]   13:     0x562dd893acd6 - <alloc::boxed::Box<F,A> as core::ops::function::Fn<Args>>::call::h29b8e785b856bb23
[INFO] [stdout]                                at /rustc/2fe50cd72c476ebacdedb14893e9632b4de961c2/library/alloc/src/boxed.rs:2029:9
[INFO] [stdout]   14:     0x562dd893acd6 - std::panicking::rust_panic_with_hook::h5efc89ef996de810
[INFO] [stdout]                                at /rustc/2fe50cd72c476ebacdedb14893e9632b4de961c2/library/std/src/panicking.rs:783:13
[INFO] [stdout]   15:     0x562dd893aa22 - std::panicking::begin_panic_handler::{{closure}}::h6289f51ae1ae9efc
[INFO] [stdout]                                at /rustc/2fe50cd72c476ebacdedb14893e9632b4de961c2/library/std/src/panicking.rs:657:13
[INFO] [stdout]   16:     0x562dd8939066 - std::sys_common::backtrace::__rust_end_short_backtrace::h9f143e0a9d826e65
[INFO] [stdout]                                at /rustc/2fe50cd72c476ebacdedb14893e9632b4de961c2/library/std/src/sys_common/backtrace.rs:171:18
[INFO] [stdout]   17:     0x562dd893a780 - rust_begin_unwind
[INFO] [stdout]                                at /rustc/2fe50cd72c476ebacdedb14893e9632b4de961c2/library/std/src/panicking.rs:645:5
[INFO] [stdout]   18:     0x562dd82c36f5 - core::panicking::panic_fmt::h5b9d04f36fd68862
[INFO] [stdout]                                at /rustc/2fe50cd72c476ebacdedb14893e9632b4de961c2/library/core/src/panicking.rs:72:14
[INFO] [stdout]   19:     0x562dd82c3b6b - core::panicking::assert_failed_inner::he8bf6244a405549a
[INFO] [stdout]                                at /rustc/2fe50cd72c476ebacdedb14893e9632b4de961c2/library/core/src/panicking.rs:342:17
[INFO] [stdout]   20:     0x562dd84e2f8e - core::panicking::assert_failed::h6205b1e615876572
[INFO] [stdout]                                at /rustc/2fe50cd72c476ebacdedb14893e9632b4de961c2/library/core/src/panicking.rs:297:5
[INFO] [stdout]   21:     0x562dd830f12d - effectum::recurring::tests::simple_recurring::{{closure}}::h9826f0af82605042
[INFO] [stdout]                                at /opt/rustwide/workdir/src/recurring.rs:454:9
[INFO] [stdout]   22:     0x562dd84ea8d8 - <core::pin::Pin<P> as core::future::future::Future>::poll::h9083112b9f477cc3
[INFO] [stdout]                                at /rustc/2fe50cd72c476ebacdedb14893e9632b4de961c2/library/core/src/future/future.rs:124:9
[INFO] [stdout]   23:     0x562dd84ea64b - <core::pin::Pin<P> as core::future::future::Future>::poll::h25255ac26b254c34
[INFO] [stdout]                                at /rustc/2fe50cd72c476ebacdedb14893e9632b4de961c2/library/core/src/future/future.rs:124:9
[INFO] [stdout]   24:     0x562dd8535824 - tokio::runtime::scheduler::current_thread::CoreGuard::block_on::{{closure}}::{{closure}}::{{closure}}::h693d3503473a6871
[INFO] [stdout]                                at /opt/rustwide/cargo-home/registry/src/index.crates.io-6f17d22bba15001f/tokio-1.33.0/src/runtime/scheduler/current_thread/mod.rs:665:57
[INFO] [stdout]   25:     0x562dd853575a - tokio::runtime::coop::with_budget::h68f2821a64db152d
[INFO] [stdout]                                at /opt/rustwide/cargo-home/registry/src/index.crates.io-6f17d22bba15001f/tokio-1.33.0/src/runtime/coop.rs:107:5
[INFO] [stdout]   26:     0x562dd853575a - tokio::runtime::coop::budget::he12e2a44488c2ef6
[INFO] [stdout]                                at /opt/rustwide/cargo-home/registry/src/index.crates.io-6f17d22bba15001f/tokio-1.33.0/src/runtime/coop.rs:73:5
[INFO] [stdout]   27:     0x562dd853575a - tokio::runtime::scheduler::current_thread::CoreGuard::block_on::{{closure}}::{{closure}}::h8ee9cfae7639ea70
[INFO] [stdout]                                at /opt/rustwide/cargo-home/registry/src/index.crates.io-6f17d22bba15001f/tokio-1.33.0/src/runtime/scheduler/current_thread/mod.rs:665:25
[INFO] [stdout]   28:     0x562dd85343fc - tokio::runtime::scheduler::current_thread::Context::enter::hda7e69341697c72c
[INFO] [stdout]                                at /opt/rustwide/cargo-home/registry/src/index.crates.io-6f17d22bba15001f/tokio-1.33.0/src/runtime/scheduler/current_thread/mod.rs:410:19
[INFO] [stdout]   29:     0x562dd8534f5b - tokio::runtime::scheduler::current_thread::CoreGuard::block_on::{{closure}}::h666c17274b576a52
[INFO] [stdout]                                at /opt/rustwide/cargo-home/registry/src/index.crates.io-6f17d22bba15001f/tokio-1.33.0/src/runtime/scheduler/current_thread/mod.rs:664:36
[INFO] [stdout]   30:     0x562dd8534c6b - tokio::runtime::scheduler::current_thread::CoreGuard::enter::{{closure}}::h007a706e405464d4
[INFO] [stdout]                                at /opt/rustwide/cargo-home/registry/src/index.crates.io-6f17d22bba15001f/tokio-1.33.0/src/runtime/scheduler/current_thread/mod.rs:743:68
[INFO] [stdout]   31:     0x562dd82fa3db - tokio::runtime::context::scoped::Scoped<T>::set::h7906fb5e8f533bd0
[INFO] [stdout]                                at /opt/rustwide/cargo-home/registry/src/index.crates.io-6f17d22bba15001f/tokio-1.33.0/src/runtime/context/scoped.rs:40:9
[INFO] [stdout]   32:     0x562dd82fa029 - tokio::runtime::context::set_scheduler::{{closure}}::h1b58cb4144528b5a
[INFO] [stdout]                                at /opt/rustwide/cargo-home/registry/src/index.crates.io-6f17d22bba15001f/tokio-1.33.0/src/runtime/context.rs:176:26
[INFO] [stdout]   33:     0x562dd836bd66 - std::thread::local::LocalKey<T>::try_with::h9fb39414103a4b94
[INFO] [stdout]                                at /rustc/2fe50cd72c476ebacdedb14893e9632b4de961c2/library/std/src/thread/local.rs:270:16
[INFO] [stdout]   34:     0x562dd8368cca - std::thread::local::LocalKey<T>::with::hbc4b722de99980aa
[INFO] [stdout]                                at /rustc/2fe50cd72c476ebacdedb14893e9632b4de961c2/library/std/src/thread/local.rs:246:9
[INFO] [stdout]   35:     0x562dd82f9fdd - tokio::runtime::context::set_scheduler::h2183ce6a87373b0e
[INFO] [stdout]                                at /opt/rustwide/cargo-home/registry/src/index.crates.io-6f17d22bba15001f/tokio-1.33.0/src/runtime/context.rs:176:9
[INFO] [stdout]   36:     0x562dd8534a00 - tokio::runtime::scheduler::current_thread::CoreGuard::enter::h47792852a26ee585
[INFO] [stdout]                                at /opt/rustwide/cargo-home/registry/src/index.crates.io-6f17d22bba15001f/tokio-1.33.0/src/runtime/scheduler/current_thread/mod.rs:743:27
[INFO] [stdout]   37:     0x562dd8534c9d - tokio::runtime::scheduler::current_thread::CoreGuard::block_on::h038ad4c8e23f7792
[INFO] [stdout]                                at /opt/rustwide/cargo-home/registry/src/index.crates.io-6f17d22bba15001f/tokio-1.33.0/src/runtime/scheduler/current_thread/mod.rs:652:19
[INFO] [stdout]   38:     0x562dd852d703 - tokio::runtime::scheduler::current_thread::CurrentThread::block_on::{{closure}}::hc0c88aa9256da725
[INFO] [stdout]                                at /opt/rustwide/cargo-home/registry/src/index.crates.io-6f17d22bba15001f/tokio-1.33.0/src/runtime/scheduler/current_thread/mod.rs:175:28
[INFO] [stdout]   39:     0x562dd8555f1b - tokio::runtime::context::runtime::enter_runtime::hf4ea35ea5934454a
[INFO] [stdout]                                at /opt/rustwide/cargo-home/registry/src/index.crates.io-6f17d22bba15001f/tokio-1.33.0/src/runtime/context/runtime.rs:65:16
[INFO] [stdout]   40:     0x562dd852d61e - tokio::runtime::scheduler::current_thread::CurrentThread::block_on::h6380fa6e088ed75a
[INFO] [stdout]                                at /opt/rustwide/cargo-home/registry/src/index.crates.io-6f17d22bba15001f/tokio-1.33.0/src/runtime/scheduler/current_thread/mod.rs:167:9
[INFO] [stdout]   41:     0x562dd842b522 - tokio::runtime::runtime::Runtime::block_on::hc7eed2181f1949fe
[INFO] [stdout]                                at /opt/rustwide/cargo-home/registry/src/index.crates.io-6f17d22bba15001f/tokio-1.33.0/src/runtime/runtime.rs:348:47
[INFO] [stdout]   42:     0x562dd830cdde - effectum::recurring::tests::simple_recurring::h5de7bde8158e8b43
[INFO] [stdout]                                at /opt/rustwide/workdir/src/recurring.rs:465:9
[INFO] [stdout]   43:     0x562dd830cc37 - effectum::recurring::tests::simple_recurring::{{closure}}::h367a8ae129f29fc0
[INFO] [stdout]                                at /opt/rustwide/workdir/src/recurring.rs:390:32
[INFO] [stdout]   44:     0x562dd82c6156 - core::ops::function::FnOnce::call_once::h45fcaabcf4273b9b
[INFO] [stdout]                                at /rustc/2fe50cd72c476ebacdedb14893e9632b4de961c2/library/core/src/ops/function.rs:250:5
[INFO] [stdout]   45:     0x562dd85ff1df - core::ops::function::FnOnce::call_once::h547df4cc4781c42c
[INFO] [stdout]                                at /rustc/2fe50cd72c476ebacdedb14893e9632b4de961c2/library/core/src/ops/function.rs:250:5
[INFO] [stdout]   46:     0x562dd85ff1df - test::__rust_begin_short_backtrace::h0751f8da0df8afc9
[INFO] [stdout]                                at /rustc/2fe50cd72c476ebacdedb14893e9632b4de961c2/library/test/src/lib.rs:627:18
[INFO] [stdout]   47:     0x562dd85fe031 - test::run_test_in_process::{{closure}}::h08b7e2b944f5d3bf
[INFO] [stdout]                                at /rustc/2fe50cd72c476ebacdedb14893e9632b4de961c2/library/test/src/lib.rs:650:60
[INFO] [stdout]   48:     0x562dd85fe031 - <core::panic::unwind_safe::AssertUnwindSafe<F> as core::ops::function::FnOnce<()>>::call_once::h4eabe934da23f6d3
[INFO] [stdout]                                at /rustc/2fe50cd72c476ebacdedb14893e9632b4de961c2/library/core/src/panic/unwind_safe.rs:272:9
[INFO] [stdout]   49:     0x562dd85fe031 - std::panicking::try::do_call::h8bce2a819a83d75f
[INFO] [stdout]                                at /rustc/2fe50cd72c476ebacdedb14893e9632b4de961c2/library/std/src/panicking.rs:552:40
[INFO] [stdout]   50:     0x562dd85fe031 - std::panicking::try::h8d0ad43ca1e9dfe4
[INFO] [stdout]                                at /rustc/2fe50cd72c476ebacdedb14893e9632b4de961c2/library/std/src/panicking.rs:516:19
[INFO] [stdout]   51:     0x562dd85fe031 - std::panic::catch_unwind::h80c407981483a27f
[INFO] [stdout]                                at /rustc/2fe50cd72c476ebacdedb14893e9632b4de961c2/library/std/src/panic.rs:142:14
[INFO] [stdout]   52:     0x562dd85fe031 - test::run_test_in_process::h34f4f1cf26878dcc
[INFO] [stdout]                                at /rustc/2fe50cd72c476ebacdedb14893e9632b4de961c2/library/test/src/lib.rs:650:27
[INFO] [stdout]   53:     0x562dd85fe031 - test::run_test::{{closure}}::hf98423759bd4e4de
[INFO] [stdout]                                at /rustc/2fe50cd72c476ebacdedb14893e9632b4de961c2/library/test/src/lib.rs:573:43
[INFO] [stdout]   54:     0x562dd85c53c6 - test::run_test::{{closure}}::h31f9214a9865a468
[INFO] [stdout]                                at /rustc/2fe50cd72c476ebacdedb14893e9632b4de961c2/library/test/src/lib.rs:601:41
[INFO] [stdout]   55:     0x562dd85c53c6 - std::sys_common::backtrace::__rust_begin_short_backtrace::h97eebf57e64e4a3e
[INFO] [stdout]                                at /rustc/2fe50cd72c476ebacdedb14893e9632b4de961c2/library/std/src/sys_common/backtrace.rs:155:18
[INFO] [stdout]   56:     0x562dd85ca4c7 - std::thread::Builder::spawn_unchecked_::{{closure}}::{{closure}}::h10343cc6e645d5a7
[INFO] [stdout]                                at /rustc/2fe50cd72c476ebacdedb14893e9632b4de961c2/library/std/src/thread/mod.rs:529:17
[INFO] [stdout]   57:     0x562dd85ca4c7 - <core::panic::unwind_safe::AssertUnwindSafe<F> as core::ops::function::FnOnce<()>>::call_once::h7676f5746d51f304
[INFO] [stdout]                                at /rustc/2fe50cd72c476ebacdedb14893e9632b4de961c2/library/core/src/panic/unwind_safe.rs:272:9
[INFO] [stdout]   58:     0x562dd85ca4c7 - std::panicking::try::do_call::h76c69ddb47b6692d
[INFO] [stdout]                                at /rustc/2fe50cd72c476ebacdedb14893e9632b4de961c2/library/std/src/panicking.rs:552:40
[INFO] [stdout]   59:     0x562dd85ca4c7 - std::panicking::try::h231004126786543e
[INFO] [stdout]                                at /rustc/2fe50cd72c476ebacdedb14893e9632b4de961c2/library/std/src/panicking.rs:516:19
[INFO] [stdout]   60:     0x562dd85ca4c7 - std::panic::catch_unwind::h519133dc1360745e
[INFO] [stdout]                                at /rustc/2fe50cd72c476ebacdedb14893e9632b4de961c2/library/std/src/panic.rs:142:14
[INFO] [stdout]   61:     0x562dd85ca4c7 - std::thread::Builder::spawn_unchecked_::{{closure}}::h7c96b1538d88533f
[INFO] [stdout]                                at /rustc/2fe50cd72c476ebacdedb14893e9632b4de961c2/library/std/src/thread/mod.rs:528:30
[INFO] [stdout]   62:     0x562dd85ca4c7 - core::ops::function::FnOnce::call_once{{vtable.shim}}::h90e3a916fbad66da
[INFO] [stdout]                                at /rustc/2fe50cd72c476ebacdedb14893e9632b4de961c2/library/core/src/ops/function.rs:250:5
[INFO] [stdout]   63:     0x562dd89401b5 - <alloc::boxed::Box<F,A> as core::ops::function::FnOnce<Args>>::call_once::h12c26c313019b755
[INFO] [stdout]                                at /rustc/2fe50cd72c476ebacdedb14893e9632b4de961c2/library/alloc/src/boxed.rs:2015:9
[INFO] [stdout]   64:     0x562dd89401b5 - <alloc::boxed::Box<F,A> as core::ops::function::FnOnce<Args>>::call_once::h3a7c22937eaa10d1
[INFO] [stdout]                                at /rustc/2fe50cd72c476ebacdedb14893e9632b4de961c2/library/alloc/src/boxed.rs:2015:9
[INFO] [stdout]   65:     0x562dd89401b5 - std::sys::unix::thread::Thread::new::thread_start::h1ce303acc71f2e7d
[INFO] [stdout]                                at /rustc/2fe50cd72c476ebacdedb14893e9632b4de961c2/library/std/src/sys/unix/thread.rs:108:17
[INFO] [stdout]   66:     0x7fc9bc0bfac3 - <unknown>
[INFO] [stdout]   67:     0x7fc9bc150bf4 - __clone
[INFO] [stdout]   68:                0x0 - <unknown>
[INFO] [stdout] 
[INFO] [stdout] 
[INFO] [stdout] failures:
[INFO] [stdout]     recurring::tests::simple_recurring
[INFO] [stdout] 
[INFO] [stdout] test result: FAILED. 62 passed; 1 failed; 6 ignored; 0 measured; 0 filtered out; finished in 4.27s
[INFO] [stdout] 
[INFO] [stderr] error: test failed, to rerun pass `--lib`
[INFO] running `Command { std: "docker" "inspect" "3eaea1f7e382adbe6733fde291a0f562a2c72b378110c894fbed441919bbc73b", kill_on_drop: false }`
[INFO] running `Command { std: "docker" "rm" "-f" "3eaea1f7e382adbe6733fde291a0f562a2c72b378110c894fbed441919bbc73b", kill_on_drop: false }`
[INFO] [stdout] 3eaea1f7e382adbe6733fde291a0f562a2c72b378110c894fbed441919bbc73b
